79056343 a composite number?
True
Is 7296996067 a prime number?
True
Is 10592282501 a prime number?
False
Is 409918679711 composite?
False
Is 7308252353 composite?
False
Is 39614017 prime?
True
Is 3856344653 a composite number?
True
Is 1837621507 a prime number?
False
Is 47391587557 composite?
True
Is 5712431 prime?
True
Is 52755078907 a composite number?
True
Is 10196114449 prime?
False
Is 2403982499 prime?
True
Is 19526825237 a composite number?
True
Is 107652692347 a composite number?
False
Is 6546463199 a composite number?
False
Is 4185728123 a prime number?
True
Is 342991631 composite?
False
Is 1201942171 composite?
True
Is 7318838819 a composite number?
False
Is 473285039 prime?
True
Is 37415101121 a composite number?
True
Is 879559823 a composite number?
False
Is 26865103891 a composite number?
False
Is 187554970597 composite?
True
Is 2334933787 a composite number?
False
Is 75147445673 a composite number?
True
Is 1188572887 a composite number?
True
Is 10007577157 composite?
True
Is 69795244951 a composite number?
False
Is 18019377743 a composite number?
True
Is 21867492727 prime?
True
Is 2384701667 a prime number?
True
Is 943708679 a prime number?
False
Is 2715757237 a prime number?
True
Is 6435517351 composite?
False
Is 34049414383 prime?
False
Is 529173497 a prime number?
True
Is 135375019301 a composite number?
False
Is 130680719 a composite number?
True
Is 8647447 a composite number?
False
Is 92043489985 a composite number?
True
Is 21374156743 a composite number?
False
Is 1455423267 a prime number?
False
Is 469640365 a prime number?
False
Is 2207245471 a composite number?
True
Is 153824633 composite?
False
Is 1887039871 prime?
False
Is 983764741 prime?
False
Is 33763788827 a composite number?
True
Is 334758401 a prime number?
True
Is 24125219399 a prime number?
True
Is 457049137 a prime number?
False
Is 122298897835 prime?
False
Is 539723273 a composite number?
True
Is 498796483 a prime number?
False
Is 2392889561 a prime number?
True
Is 964009873 a composite number?
True
Is 13759131899 prime?
True
Is 13695317611 a prime number?
True
Is 1673768161 a composite number?
True
Is 7584006193 a prime number?
True
Is 34297968245 composite?
True
Is 124843535 a composite number?
True
Is 1518047327 a prime number?
True
Is 2358138631 a composite number?
False
Is 83822167147 a composite number?
True
Is 6746708477 prime?
False
Is 505622135 composite?
True
Is 1674477309 prime?
False
Is 14776577513 a prime number?
False
Is 14425134511 a prime number?
True
Is 22638440947 composite?
False
Is 210597420011 prime?
False
Is 766817203 prime?
False
Is 3717100707 composite?
True
Is 1227345887 composite?
False
Is 466972131547 composite?
False
Is 175797751 prime?
True
Is 432590989 a prime number?
False
Is 803186407 a composite number?
True
Is 122852929 a composite number?
True
Is 14171931253 a composite number?
True
Is 35809535149 a prime number?
False
Is 12839067541 prime?
False
Is 600254609 a prime number?
True
Is 30706341121 composite?
True
Is 104068121 a composite number?
False
Is 5689566211 a composite number?
True
Is 1883257669 prime?
True
Is 15138747337 a prime number?
False
Is 2576201377 a composite number?
True
Is 528751757 prime?
True
Is 65044504391 composite?
True
Is 122650501321 a prime number?
False
Is 921685817 prime?
False
Is 441469891 a prime number?
True
Is 82073347129 a prime number?
True
Is 1841977934 composite?
True
Is 10021663229 a prime number?
False
Is 233590585 a prime number?
False
Is 1258010671 prime?
False
Is 157640402671 composite?
True
Is 20424225329 a prime number?
True
Is 18546901637 a prime number?
False
Is 1006410043 prime?
True
Is 4405757365 a composite number?
True
Is 1201616153 prime?
True
Is 2311605601 a prime number?
True
Is 4685226929 composite?
True
Is 278443057 composite?
False
Is 2911274287 composite?
False
Is 3642272761 prime?
False
Is 146800247 prime?
False
Is 5789440985 a composite number?
True
Is 649978937 prime?
False
Is 198922871243 prime?
True
Is 2647302179 prime?
True
Is 28255598963 composite?
True
Is 4655093587 prime?
True
Is 78176486417 composite?
False
Is 130634809 a prime number?
True
Is 48284519203 composite?
True
Is 14904602147 a prime number?
True
Is 267634013 a composite number?
True
Is 595331479 a composite number?
True
Is 348874973 prime?
True
Is 84412247779 composite?
True
Is 2653648963 composite?
True
Is 34319767413 composite?
True
Is 1344701317 a prime number?
True
Is 52683906599 a prime number?
True
Is 352534633 composite?
True
Is 4964467409 prime?
False
Is 4421513111 a prime number?
False
Is 9230623667 a composite number?
True
Is 74804738335 prime?
False
Is 5264728067 composite?
True
Is 1895748923 a prime number?
False
Is 197875567 composite?
False
Is 1929192737 composite?
False
Is 13393104409 composite?
True
Is 3693282213 a prime number?
False
Is 2125167097 a composite number?
False
Is 13226242543 a prime number?
True
Is 13606687979 a prime number?
True
Is 367140793 a prime number?
False
Is 750817513 composite?
True
Is 9699683317 a composite number?
True
Is 2879157797 a prime number?
True
Is 23750984811 a composite number?
True
Is 69591123577 prime?
True
Is 337334662273 prime?
False
Is 7348545299 a composite number?
False
Is 1574743759 composite?
False
Is 416615926397 prime?
False
Is 3772885861 prime?
True
Is 193806646933 a composite number?
True
Is 292299101 composite?
False
Is 87831545 a composite number?
True
Is 1520656327 a prime number?
True
Is 41785266826 prime?
False
Is 6431263519 a prime number?
False
Is 1156962757 composite?
True
Is 434541193 a composite number?
True
Is 223798637 composite?
False
Is 52993713281 prime?
True
Is 4867912807 a composite number?
True
Is 10510111583 a composite number?
True
Is 98051195395 composite?
True
Is 2117187641 a composite number?
False
Is 3578782731 prime?
False
Is 1472527933 prime?
True
Is 409532003 composite?
False
Is 301290823 a prime number?
False
Is 960399389 prime?
True
Is 140165981 a composite number?
True
Is 3103925047 composite?
True
Is 2113707289 a prime number?
True
Is 3977019383 composite?
True
Is 13160921003 composite?
True
Is 9636311473 prime?
True
Is 430104398 a composite number?
True
Is 2203952921 a composite number?
False
Is 301993829 a composite number?
False
Is 20255937233 prime?
False
Is 60372980839 composite?
True
Is 12381918623 prime?
True
Is 27439296307 a prime number?
True
Is 5830112359 a composite number?
False
Is 16069783918 a composite number?
True
Is 879430873 a prime number?
False
Is 145900512997 a prime number?
True
Is 4509211949 composite?
True
Is 70366757 a prime number?
False
Is 146390245 a prime number?
False
Is 35561741 a prime number?
False
Is 599784979 a composite number?
True
Is 677841779 a composite number?
False
Is 520357907 prime?
True
Is 7321394881 a composite number?
False
Is 12036668641 a prime number?
True
Is 711653861 prime?
False
Is 16758169457 prime?
True
Is 25750877693 prime?
False
Is 3304621319 composite?
True
Is 78002864557 prime?
True
Is 126502085 prime?
False
Is 8005229291 a composite number?
False
Is 11194085777 composite?
True
Is 87467873937 a composite number?
True
Is 330320359 a prime number?
True
Is 4374238861 prime?
True
Is 40606056839 a composite number?
False
Is 232446233 a prime number?
True
Is 3682895483 prime?
True
Is 4307804989 a prime number?
True
Is 22887511001 a prime number?
True
Is 53054249 a prime number?
False
Is 19308816301 composite?
False
Is 2101482569 a composite number?
False
Is 218000261 composite?
True
Is 27591467203 prime?
True
Is 5836908827 prime?
True
Is 25316856923 a prime number?
False
Is 29589731783 composite?
False
Is 169054187 composite?
False
Is 116516105 a composite number?
True
Is 264940103 composite?
True
Is 69823463 a composite number?
False
Is 24914155621 prime?
False
Is 19331201203 prime?
True
Is 2210995867 composite?
False
Is 56933441 a prime number?
False
Is 852319619 composite?
True
Is 2629797062 prime?
False
Is 2615571379 a composite number?
False
Is 993909907 prime?
False
Is 1335969847 composite?
False
Is 2056425089 prime?
True
Is 964459369 prime?
True
Is 61865552531 a prime number?
True
Is 2100120497 a composite number?
False
Is 7382016263 a composite number?
False
Is 401709709 composite?
False
Is 467784367 prime?
True
Is 8515671467 a prime number?